4*t = l + 130865, 4*t + 0*l - 130844 = 4*l. What is the thousands digit of t?
2
Let h = -486 + 492. What is the hundreds digit of 169 + (-3 - (-1 + 4 - h))?
1
Let r(f) = -89*f - 704. Let v be r(-11). Suppose 0 = -d + 5*d - 1696. Let o = d - v. What is the tens digit of o?
4
What is the hundreds digit of (-15)/(-2)*(-2656)/(-72)*1425/38?
3
Suppose 4021 = 17*d - 13*d + 5*c, 0 = -2*d + 4*c + 2030. What is the tens digit of d?
0
Let p(q) = -q**2 + 27*q - 147. Let v be p(8). Suppose v*r - 2*r + 4*b - 2169 = 0, 0 = -b. What is the tens digit of r?
2
Let u(t) = -163*t**3 - 11*t**2 - 44*t + 6. What is the units digit of u(-4)?
8
Let y(c) = -c**3 + 41*c**2 - 88*c - 18. Let x be y(39). What is the units digit of (-6 - -4) + -3 - x?
3
Let o be (-6)/(-4) + 22/44. What is the units digit of 343/o - (15/6)/5?
1
What is the ten thousands digit of (-260698)/(-20) + 1 + 18/(-20)?
1
Suppose 1905 = 2*p + 3*p. Let k = -266 + p. Let g = k + -104. What is the units digit of g?
1
Let o be 95*(69/(-15) + 5). Let b be (12/16)/(1 + o/(-40)). What is the tens digit of 400/3 + -6 + 70/b?
3
Let f(d) = -d**2 + 6*d + 5. Let h be f(6). Suppose h*c + u - 1295 = 0, 5*c - 4*u - u - 1265 = 0. Suppose 4*j - 34 - c = 0. What is the tens digit of j?
7
Let z(y) = -y**2 + 2*y + 19. Let a be z(0). Let n = a - -154. Let h = -114 + n. What is the units digit of h?
9
Let a(l) = -4*l - 19. Let f be a(-5). Suppose 0 = -11*q + 10*q - f. What is the tens digit of (q*5)/(9/(-126))?
7
Let b be ((-10)/(-3))/((-32)/(-144)). Suppose b = 6*o - o. Suppose o*g = 2*g + 35. What is the tens digit of g?
3
Suppose -4*d + 18 = -3*y - 2, -4*d = 2*y. Suppose -d*g - 280 = 152. Let h = 329 + g. What is the hundreds digit of h?
1
Suppose 13*c = -410 - 1371. Let u = 141 + c. Suppose -4*s = 4*d - 240, u*s - s = 9. What is the tens digit of d?
5
Suppose -135 + 738 = 3*c. Suppose 4*p - 881 + c = 4*r, -2*r + 3*p = 336. Let w = r + 267. What is the units digit of w?
3
What is the hundreds digit of (16684/(-970))/(1/(-30))?
5
Let v(x) = -5*x + 88. Let n(d) = -d**3 + 5*d**2 - 6*d + 40. Let a be n(5). What is the units digit of v(a)?
8
Suppose 130*a - 196*a + 294888 = 0. What is the thousands digit of a?
4
Let z be 10/(-25) - ((-5735)/25 - 4). Let g = z - -422. What is the units digit of g?
5
Suppose -21*l = -26*l + 1825. Let g = l + -9. What is the units digit of g?
6
Suppose 174 = -2*m - 4*r, -4*m + 6*m + r = -186. What is the tens digit of (-12278)/(-38) + 5*2/m?
2
Let i be (-1)/(-3 - -10) + 50/7. Suppose -2*u + 4 = 0, -2*o - 5*u + i*u + 348 = 0. What is the units digit of o?
6
Suppose -r + z = -58, -3*z + 46 = -r + 2*r. Suppose 2*n + 0*m = 2*m + 34, 3*n = 5*m + r. Suppose 528 = -4*w + n*w. What is the units digit of w?
8
Suppose -2707 = -m + 9938. What is the units digit of m?
5
Let g = -28 + 31. Suppose -y + g*y - 198 = 0. Suppose 9*d - 12*d + y = 0. What is the units digit of d?
3
Suppose 2*d - 625 = -5*a, -3*d = a - 849 - 95. Let j = d - 37. What is the hundreds digit of j?
2
Let n(q) = 276*q + 229. What is the tens digit of n(8)?
3
Suppose 30 = -16*g + 22*g. Let d = 48 + g. What is the tens digit of d?
5
Let p be ((-16)/(-6))/(-4 - (-30)/9). Let y(f) = f**2 + 4. What is the units digit of y(p)?
0
Suppose -2*j + 4*g = -1230, -179 + 3254 = 5*j + 3*g. What is the hundreds digit of j?
6
Let t(b) = b**3 - 16*b**2 + 10. Let j be t(16). Suppose 0 = -2*y + 7*y - j. Suppose -y*l = 5 - 23. What is the units digit of l?
9
Let x(j) = 53*j + 57. Let p be x(-1). Suppose p*t - 3*l = 7266, 2*t + 0*t - 3*l - 3636 = 0. What is the thousands digit of t?
1
Suppose -2*j = -s + 12 + 1, 2*j + s = -7. Let m be (-38)/(-4) + j/(-10). Suppose -m*k - 33 = -673. What is the tens digit of k?
6
Suppose -512700 = -190*l + 160*l. What is the thousands digit of l?
7
Let k(c) = 5305*c + 154. What is the tens digit of k(1)?
5
Suppose 4*j - 15 = -3*y + j, 11 = -2*y + 5*j. Let f be (-8 - -7)/(y*1/(-8598)). What is the hundreds digit of (-2)/9 - f/(-27)?
1
What is the units digit of -3*(245476/(-30) - (12 - (-610)/(-50)))?
7
Let z(f) = -55*f + 21. Suppose -2*v - 4*j - 44 = 0, -2*j + 96 = -5*v - 5*j. What is the thousands digit of z(v)?
1
Suppose -203*j - 97740 = -221*j. What is the hundreds digit of j?
4
Suppose -344287 = -115*l + 211738. What is the hundreds digit of l?
8
Let u = 1529 - 0. Let f = u - 997. Suppose -2*v - 4*a + f = 2*v, -3*a - 153 = -v. What is the hundreds digit of v?
1
Let l(f) = -2*f - 4. Let i be l(-3). Suppose -4*t - 230 = -i*t. Let r = t + 166. What is the units digit of r?
1
Suppose -93*x + 3875 = -88*x. Let j = 920 - x. What is the hundreds digit of j?
1
Let m(d) = -30*d + 2. Let s = -12 - -8. What is the hundreds digit of m(s)?
1
Suppose 45*l = 42*l + 1005. What is the units digit of l?
5
Let x(f) = -2*f**3 - 38*f**2 - 27*f + 33. Let n = 691 - 711. What is the units digit of x(n)?
3
Suppose 9*u = a + 10*u, 2*a - 6 = 4*u. What is the units digit of (a*12)/((-70)/(-105))?
8
Let b(w) = 60*w - 35. Suppose -3*o - 2*q + 19 - 3 = 0, -5*o + 26 = 4*q. What is the hundreds digit of b(o)?
3
Let q(t) = 46*t**2 - 4. Let f be q(4). Suppose -2*v + c = -3*c - 354, -4*v + 2*c = -f. What is the tens digit of v?
8
Suppose 12 = -6*c + 42. Suppose 2*p + 4*a = -13 + 1, c*a = 4*p - 15. Let q(v) = -2*v + 41. What is the tens digit of q(p)?
4
Let r(d) = 8*d + 50. Let i be r(-20). Let t = i + 295. What is the tens digit of t?
8
Suppose 6*g - 2*o = g - 1543, 4*o = -4. Let n be (-14)/84 + (-1289)/6. Let a = n - g. What is the units digit of a?
4
Let d = -123 + 265. Suppose -d = -2*c - 18. Suppose -c = -3*j + 46. What is the tens digit of j?
3
Suppose -2231 = -3*k + 4*p, -1438 - 40 = -2*k + 5*p. Let u = k + 457. Suppose -10*b + u = -b. What is the tens digit of b?
3
Suppose y - 3*y - 160 = 0. Let n = -64 - y. What is the tens digit of n?
1
Let j be (6/9 + 1)*(-16 - -19). Suppose 1000 = z - o, 152*o = -j*z + 147*o + 4970. What is the tens digit of z?
9
Let p(r) = -108*r**2 - 18. Let w be p(6). What is the hundreds digit of (w/(-5))/((-28)/(-70))?
9
Let t(c) = -50*c**3 + 3866*c**2 - 4*c - 3868*c**2 - 42*c**3 - 3. What is the units digit of t(-1)?
1
Suppose 66*y = 51*y + 88950. What is the units digit of y?
0
Let v(g) = -5*g - 20. Let b be v(-5). Suppose -4*k + 35 = b*c, 4*c + 4*k - 35 = -3. Suppose -c*d + 132 = -237. What is the hundreds digit of d?
1
Suppose 2*h = -12*o + 13*o + 183, h - 84 = -2*o. Suppose 0 = 91*k - h*k - 879. What is the tens digit of k?
7
Let l(n) = 48951*n**2 + 231*n. What is the tens digit of l(1)?
8
Let g = 332 + -227. Suppose 102*v = g*v - 2268. What is the units digit of v?
6
Let k(f) = -f**3 + 9*f**2 + 8*f + 12. Let w be k(8). Let h = -120 + w. What is the hundreds digit of (-3 + 1)*(-2750)/h?
2
Suppose 1504 = 12*h - 15560. Suppose h = 70*q - 64*q. What is the hundreds digit of q?
2
Suppose 18804 = 5*b - 6*a, -4*b + 1005*a - 1002*a + 15036 = 0. What is the hundreds digit of b?
7
Let q(c) = -c + 1. Let x be q(-4). Suppose x*i - 24 = 1. What is the tens digit of (-8)/(-20) - (-498)/i?
0
Let x be 4/(-14) + 20/(-28) - -5. Suppose 32 = -x*b - 2*c - 2*c, 3 = -3*c. Let a(u) = -u**3 - 7*u**2 - 5*u - 1. What is the units digit of a(b)?
4
Suppose 18*x - 20333 - 81529 - 330642 = 0. What is the units digit of x?
8
What is the ten thousands digit of ((409131/12)/9)/(21/56)?
1
Let k(i) be the third derivative of -i**6/120 + i**5/60 - i**4/24 - 2*i**3/3 - 17*i**2. Let s be k(-2). What is the tens digit of (-131)/(-2) - 15/s?
6
Suppose -25*f - 18*f + 95374 = 0. Let s = -703 + f. What is the hundreds digit of s?
5
What is the units digit of ((-24)/36)/((-4)/(-9))*31514/(-21)?
1
Let n(u) = -33*u + 1 - 6*u + 3*u - 13*u. What is the units digit of n(-2)?
9
Let h = -511 - -507. What is the tens digit of ((-24)/16)/((-2)/(-443))*h?
2
Let n(m) be the first derivative of -31*m**2/2 + 5*m + 3. Let q be (-3 + (-39)/(-15))*5. What is the units digit of n(q)?
7
Let k be (-5097)/27 - (-20)/(-90). What is the units digit of ((-2)/(-11) - k/231)*601?
1
Let m(s) be the third derivative of s**6/120 + 23*s**3/3 + s**2. Suppose 29*u + 21*u = -43*u. What is the units digit of m(u)?
6
Suppose -11*v + 7*v = 5*v - 108927. What is the tens digit of v?
0
Let c(r) = -r**2 - 20*r + 2. Let m be c(-20). Suppose -6*p = -m*p + 4. What is the hundreds digit of (0 - -17